 digit of 10504?
4
What is the tens digit of 3941?
4
What is the units digit of 6662?
2
What is the units digit of 12762?
2
What is the thousands digit of 100048?
0
What is the units digit of 65?
5
What is the hundreds digit of 25285?
2
What is the tens digit of 37603?
0
What is the hundreds digit of 456?
4
What is the units digit of 1559?
9
What is the tens digit of 813?
1
What is the ten thousands digit of 17417?
1
What is the tens digit of 1145?
4
What is the thousands digit of 63420?
3
What is the tens digit of 96977?
7
What is the units digit of 1088?
8
What is the thousands digit of 8592?
8
What is the tens digit of 776?
7
What is the thousands digit of 2245?
2
What is the hundreds digit of 2493?
4
What is the hundreds digit of 2299?
2
What is the hundreds digit of 398?
3
What is the units digit of 5557?
7
What is the hundreds digit of 3973?
9
What is the units digit of 3661?
1
What is the hundreds digit of 1146?
1
What is the tens digit of 448?
4
What is the tens digit of 619?
1
What is the hundreds digit of 7148?
1
What is the tens digit of 463?
6
What is the units digit of 9858?
8
What is the thousands digit of 1352?
1
What is the tens digit of 32786?
8
What is the hundreds digit of 1106?
1
What is the hundreds digit of 7400?
4
What is the thousands digit of 4651?
4
What is the ten thousands digit of 138300?
3
What is the tens digit of 21019?
1
What is the thousands digit of 2616?
2
What is the thousands digit of 85731?
5
What is the hundreds digit of 232?
2
What is the hundreds digit of 29461?
4
What is the ten thousands digit of 56426?
5
What is the hundred thousands digit of 155409?
1
What is the tens digit of 25553?
5
What is the hundreds digit of 8572?
5
What is the hundreds digit of 5172?
1
What is the tens digit of 96?
9
What is the units digit of 5492?
2
What is the ten thousands digit of 53931?
5
What is the units digit of 59912?
2
What is the tens digit of 56230?
3
What is the hundreds digit of 614?
6
What is the hundreds digit of 29729?
7
What is the units digit of 1591?
1
What is the tens digit of 1069?
6
What is the units digit of 4150?
0
What is the units digit of 8997?
7
What is the units digit of 8440?
0
What is the hundreds digit of 1039?
0
What is the units digit of 1097?
7
What is the hundreds digit of 2420?
4
What is the tens digit of 110?
1
What is the tens digit of 22830?
3
What is the hundreds digit of 949?
9
What is the hundreds digit of 44661?
6
What is the hundreds digit of 9038?
0
What is the units digit of 6032?
2
What is the tens digit of 738?
3
What is the units digit of 10725?
5
What is the ten thousands digit of 16400?
1
What is the ten thousands digit of 18004?
1
What is the units digit of 856?
6
What is the units digit of 57806?
6
What is the units digit of 5572?
2
What is the thousands digit of 1942?
1
What is the hundreds digit of 22172?
1
What is the thousands digit of 1237?
1
What is the tens digit of 7870?
7
What is the units digit of 39514?
4
What is the hundreds digit of 2435?
4
What is the tens digit of 1448?
4
What is the tens digit of 4331?
3
What is the tens digit of 585?
8
What is the thousands digit of 1763?
1
What is the ten thousands digit of 67356?
6
What is the ten thousands digit of 28383?
2
What is the tens digit of 95979?
7
What is the tens digit of 8403?
0
What is the tens digit of 744?
4
What is the units digit of 14253?
3
What is the thousands digit of 127950?
7
What is the units digit of 86814?
4
What is the tens digit of 1549?
4
What is the units digit of 27452?
2
What is the units digit of 1444?
4
What is the hundreds digit of 5949?
9
What is the ten thousands digit of 16133?
1
What is the units digit of 11382?
2
What is the ten thousands digit of 13268?
1
What is the thousands digit of 1410?
1
What is the hundreds digit of 62465?
4
What is the thousands digit of 17969?
7
What is the thousands digit of 6674?
6
What is the units digit of 17699?
9
What is the thousands digit of 20763?
0
What is the units digit of 95516?
6
What is the units digit of 338?
8
What is the units digit of 2270?
0
What is the units digit of 771?
1
What is the thousands digit of 51400?
1
What is the hundreds digit of 13561?
5
What is the thousands digit of 36876?
6
What is the thousands digit of 2730?
2
What is the thousands digit of 15763?
5
What is the ten thousands digit of 29403?
2
What is the hundreds digit of 1803?
8
What is the thousands digit of 5259?
5
What is the tens digit of 4755?
5
What is the units digit of 9273?
3
What is the thousands digit of 5984?
5
What is the units digit of 380?
0
What is the tens digit of 22024?
2
What is the units digit of 1035?
5
What is the units digit of 586?
6
What is the units digit of 2015?
5
What is the hundreds digit of 176?
1
What is the ten thousands digit of 15237?
1
What is the units digit of 2577?
7
What is the thousands digit of 8575?
8
What is the thousands digit of 3701?
3
What is the tens digit of 865?
6
What is the ten thousands digit of 13407?
1
What is the units digit of 569?
9
What is the thousands digit of 6472?
6
What is the ten thousands digit of 130829?
3
What is the units digit of 30507?
7
What is the units digit of 584?
4
What is the ten thousands digit of 46187?
4
What is the units digit of 41810?
0
What is the hundreds digit of 1736?
7
What is the thousands digit of 1272?
1
What is the thousands digit of 6001?
6
What is the tens digit of 734?
3
What is the hundreds digit of 18537?
5
What is the tens digit of 12727?
2
What is the tens digit of 2443?
4
What is the hundreds digit of 2423?
4
What is the thousands digit of 9565?
9
What is the hundreds digit of 6030?
0
What is the units digit of 15152?
2
What is the tens digit of 52243?
4
What is the thousands digit of 43300?
3
What is the hundreds digit of 1210?
2
What is the tens digit of 958?
5
What is the units digit of 16805?
5
What is the units digit of 21516?
6
What is the thousands digit of 61013?
1
What is the tens digit of 20060?
6
What is the hundreds digit of 4936?
9
What is the tens digit of 47744?
4
What is the units digit of 2552?
2
What is the units digit of 35442?
2
What is the tens digit of 8272?
7
What is the thousands digit of 1376?
1
What is the hundreds digit of 4787?
7
What is the hundreds digit of 647?
6
What is the hundreds digit of 916?
9
What is the tens digit of 389?
8
What is the units digit of 1121?
1
What is the hundreds digit of 10606?
6
What is the thousands digit of 2805?
2
What is the tens digit of 1617?
1
What is the units digit of 2925?
5
What is the units digit of 8087?
7
What is the tens digit of 16299?
9
What is the hundreds digit of 2024?
0
What is the units digit of 68046?
6
What is the tens digit of 13950?
5
What is the units digit of 1796?
6
What is the units digit of 2102?
2
What is the units digit of 212?
2
What is the tens digit of 918?
1
What is the tens digit of 2570?
7
What is the tens digit of 192?
9
What is the hundreds digit of 65601?
6
What is the hundreds digit of 22914?
9
What is the hundreds digit of 109966?
9
What is the hundreds digit of 66090?
0
What is the ten thousands digit of 14178?
1
What is the thousands digit of 1439?
1
What is the tens digit of 16199?
9
What is the units digit of 12?
2
What is the thousands digit of 1714?
1
What is the units digit of 1016?
6
What is the thousands digit of 2148?
2
What is the hundreds digit of 7702?
7
What is the hundreds digit of 7505?
5
What is the tens digit of 314?
1
What is the hundreds digit of 22013?
0
What is the units digit of 524?
4
What is the hundreds digit of 177?
1
What is the thousands digit of 35107?
5
What is the ten thousands digit of 13352?
1
What is the thousands digit of 2683?
2
What is the units digit of 1735?
5
What is the units digit of 65490?
0
What is the hundreds digit of 1017?
0
What is the tens digit of 24347?
4
What is the hundreds digit of 2154?
1
What is the hundreds digit of 140?
1
What is the tens digit of 1581?
8
What is the hundreds digit of 584?
5
What is the units digit of 32707?
7
What is the tens digit of 444?
4
What is the units digit of 1245?
5
What is the units digit of 871?
1
What is the tens digit of 936?
3
What is the ten thousands digit of 46689?
4
What is the hundreds digit of 16626?
6
What is the hundreds digit of 452?
4
What is the thousan